 d?
3, 5
Suppose -5*w = -4*p - 9, 5*p - 4*w = -10 + 1. Let a = p + 1. Suppose a = 5*d + 5*q - 30, 0*q = -5*q - 25. List the prime factors of d.
11
Suppose 0*s - 2*s = -2. Suppose -f - s + 6 = 0. Suppose 2*g - 3*l - 5 = 1, f*g - 15 = -5*l. What are the prime factors of g?
3
Let j(n) = -7*n - 1. List the prime factors of j(-4).
3
Let j(c) = 2*c**3 - 4*c**2 - 14*c + 5. What are the prime factors of j(5)?
5, 17
Let p = 2 - -2. Suppose -v - 10 = -p*y, 2*v = -y + 7*v - 7. Suppose 0 = -5*g + 5*r + 25, -y*r - 7 = 5*g - 4*g. List the prime factors of g.
2
Let c = 15 + -9. Let r(n) = n**3 - 6*n**2 + 2*n - 8. Let b be r(c). Suppose -10 = -b*x + 2. List the prime factors of x.
3
Let w = 3 + -5. Let b be -2*2 + 1 + w. Let i = 14 + b. What are the prime factors of i?
3
Let k(x) = -x - 8. List the prime factors of k(-20).
2, 3
Suppose -2*z = -2*k - 8 - 6, -3*z - 4*k = 7. Let c(s) = 3*s - 1. Let b be c(z). Let h = b - 4. What are the prime factors of h?
2
Suppose 6 = v + f, -2*f + 17 = 3*v - 0*f. Suppose -107 = -v*u - 3*w, -3*w - 4 = -4*w. What are the prime factors of u?
19
Suppose -d = 1 - 3. Suppose -1 = 5*j - 11. Suppose t = j*t - d. List the prime factors of t.
2
Suppose 24 = 5*x - 46. What are the prime factors of x?
2, 7
Let m = 64 - 42. What are the prime factors of m?
2, 11
Suppose 7*w - 2*w - 110 = 0. List the prime factors of w.
2, 11
List the prime factors of 152/(6/(-12)*(-4)/2).
2, 19
Let h be (-1 - 39/15)*5. Let v = -2 - h. What are the prime factors of v?
2
Let i be (2/(-4))/((-1)/6). What are the prime factors of -2*(i + -2) - -23?
3, 7
Let n(x) = 16*x**2 + x - 2. Let f be n(2). Let l = f + -19. What are the prime factors of l?
3, 5
Suppose r = -2*x + 290, 0 = 2*r - r + 5*x - 290. What are the prime factors of r?
2, 5, 29
Suppose 0*r + 309 = 3*r. List the prime factors of r.
103
Let s = 9 - 10. Let n(t) = -10*t**3 - 2*t - 1. What are the prime factors of n(s)?
11
Let y = 2 - -2. Suppose 3*t - 5*k - 29 = -k, y*t - k - 17 = 0. What are the prime factors of t?
3
Let l(w) = -w**3 - 12*w**2 - 14*w + 3. List the prime factors of l(-11).
2, 3
Let b(c) = -c**3 - 4*c**2 + 6*c + 7. Suppose -z = -3*z - 10. Let n be b(z). What are the prime factors of n*(0 - 1) - -6?
2
Suppose -7*v + 4*v + 195 = 0. Let o be 1/3 + v/(-15). Let b = o + 27. What are the prime factors of b?
23
Suppose 0 = 3*i - 5*f, -5*f = -22 + 7. What are the prime factors of 4/10 - (-23)/i?
5
Let f = 4 - -4. What are the prime factors of f?
2
Let m(d) = -5*d - 14. Let o be m(-14). Suppose -6*u + 4*w + o = -4*u, -4*u + 122 = -3*w. What are the prime factors of u?
2
Suppose 26 = 2*b - 54. List the prime factors of b.
2, 5
Suppose 2*b = d - 276, -4*d = 3*b - b - 1084. What are the prime factors of d?
2, 17
Let m(a) = 4*a**2 + 5*a + 16. What are the prime factors of m(-5)?
7, 13
Let l(y) = -y**2 + 18*y - 27. What are the prime factors of l(16)?
5
Let h be (-1)/(-2)*(3 - 3). Suppose -5*x = -h*x - 5. Suppose 0 = 2*l - 4*a - x + 3, 5*l + 2*a = 55. List the prime factors of l.
3
Let q = 19 - 20. Let t(j) = -24*j - 1. What are the prime factors of t(q)?
23
Suppose 3*f = -y + 4*y - 21, 2*f = -2. Let d = 25 + y. Let o = d + -16. List the prime factors of o.
3, 5
Suppose 3*b - 20 = 4*a - 0*a, 0 = -a + 3*b - 14. Let d be 2 + 2 - (-6)/a. Suppose -d = 3*w - 25. List the prime factors of w.
2
Let y(g) = -g - 2. Let j be y(-3). Let w(m) = 2 + 16*m - 3 - 1 + 1. What are the prime factors of w(j)?
3, 5
Suppose -23 = -5*i - 8. Let a be 8/(-2) + 6/i. List the prime factors of a/(21/12 - 2).
2
Suppose 4 + 61 = c + 2*j, 273 = 5*c - 3*j. Suppose 5*q - c = 2*q. List the prime factors of q.
19
Suppose -a = -3*a, -5*h = 5*a. Suppose h = 5*j - 11 - 24. Let c(n) = -n**2 + 7*n + 8. List the prime factors of c(j).
2
Let m be -3 - 256/(-4) - 2. Let t = m - 25. What are the prime factors of t?
2, 17
Suppose -f = -2*f + 18. Suppose 8 = 2*v + f. Let a(j) = -j + 3. List the prime factors of a(v).
2
Let d = 42 + 6. List the prime factors of d.
2, 3
Let c(q) = q**2 - q + 1. Let g(h) = h**3 + 2*h**2 - 7*h + 8. Let y(t) = 4*c(t) - g(t). Let k be y(3). Let x(z) = -z - 2. What are the prime factors of x(k)?
2
Let u = 6 + -4. Let d(a) = u + 5*a - 4 - 8*a. What are the prime factors of d(-3)?
7
Suppose -y + 5*h + 135 = 3*y, y + 2*h = 37. List the prime factors of y.
5, 7
Suppose 0 = 5*o + 4*c - 240, 154 - 10 = 3*o - 3*c. Let w = -34 + o. What are the prime factors of w?
2, 7
Let g = 111 + -78. Let y = -20 + g. List the prime factors of -1 + y + (-4)/2.
2, 5
Let t(c) = -c - 23. Let a be t(10). Let r = -7 - a. What are the prime factors of r?
2, 13
List the prime factors of 10*((-18)/(-5))/6.
2, 3
Let b be (-12)/(-2) + 3 + -6. Suppose -j - 5*n = -50, -j + b*n + 26 = -0*j. What are the prime factors of j?
5, 7
Suppose 2*v - 69 = -2*w - 1, 3*w - 97 = 2*v. List the prime factors of w.
3, 11
Let x(t) = -t**2 - 13*t + 3. List the prime factors of x(-11).
5
Let f be (-2)/3 - (-11)/3. Suppose -f*v + 102 = -5*l, -l + 4*v = -10 + 44. List the prime factors of 4/l + 47/9.
5
Let i be (2/4)/((-2)/(-48)). Suppose 4*p - i = 0, 0*p - 27 = -5*w + p. List the prime factors of w.
2, 3
Let y be ((-4)/(-6))/(6/27). Suppose -16 = -4*s - 3*z, -3*s + y*z = z - 12. List the prime factors of s.
2
Suppose -1 = i, 4*h + 2*i = -7 + 1. What are the prime factors of 12/30*(h + 121)?
2, 3
Let z(t) = 2*t**3 - 10*t**2 + 7*t - 9. Let m be z(7). Let d be m/(-6) + 6/(-9). Let h = -27 - d. List the prime factors of h.
13
Suppose -3*n + 7*n - 88 = -4*p, -5*n = p - 14. What are the prime factors of p?
2, 3
Suppose -6*u + 3 = -3*u. Let a(i) = -i**2 + i. Let d(t) = -9*t**2 + 8*t - 1. Let w(g) = 6*a(g) - d(g). What are the prime factors of w(u)?
2
Let i(u) = 10*u + 2. Let o be i(7). Let s = o - 46. What are the prime factors of s?
2, 13
Suppose 41*s = 44*s - 252. What are the prime factors of s?
2, 3, 7
Suppose 0 = 2*b + x - 70, -3*x = 3*b - 0*x - 102. List the prime factors of b.
2, 3
Suppose 14*a = 19*a - 140. Suppose 91 = 2*q - 5*u, q - 2*u + 3*u - a = 0. List the prime factors of q.
3, 11
List the prime factors of (3 + 12/9)/((-4)/(-108)).
3, 13
Let m = -52 - -32. List the prime factors of m*((-36)/15)/2.
2, 3
Let d(r) be the second derivative of -r**3/3 - 5*r**2 + r. List the prime factors of d(-10).
2, 5
Suppose 6*w = 2*w + 92. Let x = 36 - w. What are the prime factors of x?
13
Suppose 10 = 4*m - 14. Suppose -f - 2 = -m. Suppose 7*n - 33 = f*n. List the prime factors of n.
11
Suppose 0*o + 400 = 4*o. List the prime factors of o.
2, 5
Let u = -110 - -168. What are the prime factors of u?
2, 29
Suppose 2*w = -0*r - r + 2, -r - 8 = 4*w. List the prime factors of r.
2, 3
Suppose -4*n = -5*n + 48. List the prime factors of n.
2, 3
Suppose -98 = -2*o + o. List the prime factors of 2/(-12) + o/12.
2
Suppose -3*x + 72 = -r, 0 = 3*x + r - 81 + 3. Suppose -c + x = 4*c. Suppose 28 = -f + c*f. List the prime factors of f.
7
Let x = -8 - -10. Suppose x*u - 16 = -2*v + 6, u = 5*v - 1. List the prime factors of u.
3
Let p(o) = o**2 + 6*o - 6. What are the prime factors of p(6)?
2, 3, 11
Let z(u) = -u - 8. Let k be z(-10). Let h be (3/k - 2)*2. Let i = 4 - h. What are the prime factors of i?
5
What are the prime factors of (230/4 - -4)*6/9?
41
Let l(f) = f**3 + 5*f**2 - f - 1. Let a be (-5)/((-1*3)/(-3)). Let w be l(a). Suppose 2*p = -b + w*p + 3, -5*b + p = -33. List the prime factors of b.
7
Suppose 0 = 2*u - 32 + 6. Let k = -9 + u. What are the prime factors of k?
2
Let j be (-8)/(-28) - (-61)/7. Suppose 2*n = 5*n - j. Suppose -o = n*a - 4*a + 10, -a = -3*o - 8. List the prime factors of a.
11
Let u(a) = -a**2 - 5*a + 6. Let c be u(-6). Suppose -3*i + c*i + 12 = 0. Suppose -i*x = -5*z - 15, -2*x + z = -z - 8. What are the prime factors of x?
5
Suppose 7*x - 20 = 2*x. Let v = -15 - -26. What are the prime factors of (v/x)/((-2)/(-8))?
11
Let u be 2/4*-6 + -13. What are the prime factors of (-7)/((-28)/u) - -42?
2, 19
Suppose 480 = 13*r - 508. What are the prime factors of r?
2, 19
Let y(r) = r**3 + 22*r**2 + 26*r - 24. List the prime factors of y(-20).
2
Suppose -3*d = -0*d. Suppose -t + 2 - 4 = d. What are the prime factors of (6/9)/(t/(-27))?
3
Let x be -2*(3 + 7/(-2)). Let g(s) = -s - x - 3 + 11 + 3. What are the prime factors of g(8)?
2
Suppose -4*g - c - 1 = 0, -3*g - 3 =